h(v) = -3*v**2 - 248*v - 3074. Determine h(-17).
275
Let m(f) = -212*f**2 + 966*f + 968. Determine m(-1).
-210
Let f(j) = -j**3 + 941*j**2 - 884*j + 3507904. Give f(944).
0
Let f(y) = 5*y**2 + 135088*y - 540426. What is f(4)?
6
Let a(g) = -38788*g + 56203807. What is a(1449)?
-5
Let q(y) = -466*y**2 + 1123. Determine q(0).
1123
Let a(v) = -1675*v**2 - 974*v + 973. Determine a(1).
-1676
Let q(r) = -1148*r - 2846. Give q(-2).
-550
Let k(a) = -a**2 + 134*a - 2297. What is k(66)?
2191
Let p(h) = -794*h + 13876. Give p(17).
378
Let s(b) = b**3 + 60*b**2 - 435*b - 15595. Determine s(-63).
-97
Let h(k) = -27*k**3 - 3*k**2 + k - 35. Determine h(-4).
1641
Let b(j) = 3999*j - 227962. Calculate b(57).
-19
Let y(t) = -t**3 + 127*t**2 + 73*t - 9216. Give y(127).
55
Let g(i) = -4*i**3 - 1630*i**2 - 806*i + 3252. Determine g(-407).
-4
Let k(w) = 2*w**2 - 91*w + 763. Calculate k(26).
-251
Let k(l) = 2*l**3 - 69*l**2 + 91*l + 86. Calculate k(32).
-2122
Let b(n) = -4*n**3 + 39*n**2 - 592*n + 1069. Determine b(2).
9
Let b(q) = 3*q**3 + 5*q**2 + 249*q + 1552. Give b(-6).
-410
Let g(v) = -v**3 - 316*v**2 - 1433*v + 37927. What is g(-311)?
-15
Let p(j) = 3*j**2 - 168*j - 1932. Determine p(61).
-1017
Let p(u) = -90014*u - 990094. Calculate p(-11).
60
Let d(k) = k**3 - 105*k**2 - 284*k + 7000. What is d(107)?
-490
Let l(m) = -2*m**2 - 59*m - 279. What is l(-11)?
128
Let x(k) = -1063*k + 48884. Calculate x(46).
-14
Let j(d) = 2*d**3 + 60*d**2 - 13*d + 1365. Calculate j(-31).
-154
Let w(i) = i**3 - 13*i**2 - 303*i - 77. What is w(-12)?
-41
Let r(k) = 124612*k + 872286. Calculate r(-7).
2
Let o(r) = r**2 + 22409*r - 89638. Determine o(4).
14
Let p(y) = 121*y**2 + 958*y + 42. Determine p(-7).
-735
Let g(r) = -10*r**2 + 2386*r + 225166. Determine g(311).
2
Let g(r) = -58079*r - 174497. Calculate g(-3).
-260
Let a(b) = 1688*b - 38867. Calculate a(23).
-43
Let m(f) = 893*f + 32005. Give m(-36).
-143
Let u(d) = 45745*d - 16376719. What is u(358)?
-9
Let b(n) = -100*n**2 + 71609*n - 6448. What is b(716)?
-4
Let s(p) = -p**2 + 49566*p - 148666. Give s(3).
23
Let j(q) = 7*q**2 - 11692*q - 35181. Determine j(-3).
-42
Let q(n) = n**3 + 93*n**2 - n - 470. Give q(-93).
-377
Let c(v) = -1262*v + 44876. Determine c(35).
706
Let w(q) = 28*q + 2947. What is w(-97)?
231
Let b(g) = 7*g**2 - 164*g + 362. Calculate b(20).
-118
Let s(m) = -1232*m**2 - 16*m + 11. Calculate s(1).
-1237
Let x(v) = 32*v**2 - 9071*v + 206768. Calculate x(25).
-7
Let i(l) = -l**3 - 47*l**2 + 138*l + 1197. Give i(-49).
-763
Let f(w) = w**3 - 31*w**2 + 163*w + 172. Calculate f(8).
4
Let s(j) = -5*j**3 - 75*j**2 + 696*j. Calculate s(0).
0
Let n(w) = 2*w**2 + 245*w + 1448. Give n(-104).
-2400
Let q(t) = t**3 - 2*t**2 - 62*t + 102. Calculate q(8).
-10
Let g(f) = 789*f + 31500. What is g(-41)?
-849
Let q(f) = 8*f**2 - 1137*f - 1003. Give q(143).
-2
Let w(s) = -s**3 + 986*s**2 - 18358*s - 281. Determine w(19).
4
Let y(a) = -a**2 + 377*a + 2999. Calculate y(-8).
-81
Let n(k) = 14*k**2 - 547*k + 1060. Calculate n(2).
22
Let r(d) = -1125*d + 23381. What is r(22)?
-1369
Let y(o) = -14*o**2 - 10581*o + 10581. Calculate y(1).
-14
Let o(u) = 4*u**2 - 541*u + 17693. Calculate o(54).
143
Let w(f) = -12038*f + 79. What is w(0)?
79
Let r(m) = 40*m**3 - 108*m**2 + 208*m + 6. Calculate r(2).
310
Let w(c) = -30*c**3 - 151*c**2 - 27*c - 5. What is w(-5)?
105
Let t(k) = k**3 + 4*k**2 + 21398*k + 149933. What is t(-7)?
0
Let h(w) = w**3 - 9*w**2 + 255*w + 3246. Give h(-12).
-2838
Let x(q) = -741*q - 1320. Determine x(-2).
162
Let b(c) = -55608*c + 222298. Give b(4).
-134
Let h(z) = -460*z + 24483. What is h(53)?
103
Let y(g) = -11*g**2 - 511*g - 443. Calculate y(-42).
1615
Let v(n) = -n**3 - 25*n**2 - 240*n - 1205. Give v(-14).
-1
Let j(q) = 19686*q - 137796. Give j(7).
6
Let y(k) = -8*k**2 - 1238*k + 8777. Determine y(7).
-281
Let d(o) = 1509*o + 206736. What is d(-137)?
3
Let h(k) = -645*k + 35628. Calculate h(51).
2733
Let g(u) = u**3 - 41*u**2 + 896*u - 39400. Give g(42).
-4
Let i(s) = -63*s**3 - 446*s**2 - 39*s - 52. What is i(-7)?
-24
Let z(k) = -k**3 + 5*k**2 + 42006*k - 335840. What is z(8)?
16
Let x(l) = -42*l + 3553. Give x(89).
-185
Let x(z) = z**2 + 455*z + 46991. Give x(-297).
65
Let j(v) = -5*v**3 + 194*v**2 + 200*v + 1605. What is j(40)?
5
Let f(r) = -19*r**2 - 144*r + 23287. What is f(-39)?
4
Let r(d) = 2061*d - 708980. What is r(344)?
4
Let d(p) = 3*p**2 - 123*p - 995. Determine d(48).
13
Let q(r) = 726*r + 29008. Give q(-40).
-32
Let r(n) = 326*n**3 - 18*n**2 + 544*n - 527. Calculate r(1).
325
Let y(n) = n**2 - 61*n - 1183. Calculate y(-14).
-133
Let a(v) = v**3 - 604*v**2 + 62637*v + 787. What is a(133)?
-11
Let j(n) = 3*n - 896. Calculate j(141).
-473
Let i(v) = -31523*v**2 - 4854542*v - 25. Determine i(-154).
-25
Let d(x) = -3*x**3 - 65*x**2 - 132*x - 65. Calculate d(-20).
575
Let t(a) = -405*a**2 - 296*a + 298. Calculate t(1).
-403
Let i(s) = 7*s**2 - 1029*s + 6850. Calculate i(7).
-10
Let k(a) = -8*a**2 - 511*a - 111. Give k(-64).
-175
Let o(a) = -11536*a + 57701. Give o(5).
21
Let i(w) = 8*w**3 + 202*w**2 + 48*w + 174. Give i(-25).
224
Let t(g) = 2*g**3 - 479*g**2 - 567*g - 155627. Give t(242).
-21
Let y(p) = -182*p - 4822. Give y(-26).
-90
Let g(w) = -3*w**2 - 1869*w - 90609. What is g(-53)?
21
Let j(r) = r**3 + 97*r**2 - 4618*r + 622. Give j(-132).
358
Let l(w) = 1115*w + 6733. What is l(-6)?
43
Let p(y) = y**3 - 20*y**2 - 386*y + 1389. What is p(31)?
-6
Let b(i) = -437366*i + 1749336. Give b(4).
-128
Let m(b) = 241*b**2 - 103*b + 127. What is m(4)?
3571
Let i(l) = 818*l - 15984. Give i(18).
-1260
Let j(i) = -4424*i - 18311. Give j(-4).
-615
Let k(n) = -982*n**3 + 5*n**2 - 16*n - 17. What is k(-1)?
986
Let q(x) = -15920*x - 19295041. Give q(-1212).
-1
Let w(k) = -k**3 - 27*k**2 - 91*k - 1489. What is w(-26)?
201
Let t(f) = f**2 + 1108*f - 15769. What is t(14)?
-61
Let n(l) = 32*l**2 + 726*l + 2916. Give n(-4).
524
Let z(l) = -6*l**3 + 1480*l**2 + 578*l - 20758. Give z(247).
-10
Let g(p) = -924*p**3 + 12933*p**2 + 2*p + 555. What is g(14)?
-5
Let s(q) = 61*q**2 + 126*q + 744. Calculate s(-6).
2184
Let q(d) = 2875*d - 41099. Determine q(15).
2026
Let s(w) = -w**3 - 60*w**2 + 1601*w + 93938. Give s(-61).
-2
Let r(y) = 782*y**2 + 19574*y - 23. Determine r(-25).
-623
Let r(g) = 21*g**2 - 791*g + 483. Determine r(37).
-35
Let i(j) = -3804*j**2 - 49461*j - 142. Determine i(-13).
-25
Let z(t) = -3*t**3 - 182*t**2 + 233*t - 918. Determine z(-62).
12
Let v(f) = 46*f**2 - 1763*f - 1201. What is v(39)?
8
Let a(t) = 11*t**2 - 77*t - 23. Determine a(7).
-23
Let h(u) = 3*u**3 - 45*u**2 - 71*u + 1677. Determine h(15).
612
Let q(y) = y**2 + 291*y + 7353. What is q(-27)?
225
Let n(w) = -2*w**2 - 93*w + 228. What is n(3)?
-69
Let u(m) = -521*m - 2951. Calculate u(-6).
175
Let l(j) = 2*j**3 + 12*j**2 + 22*j + 170. What is l(-9)?
-514
Let c(o) = -57*o**2 - 254*o + 638. Give c(-6).
110
Let t(r) = -1370*r + 112343. Calculate t(82).
3
Let p(m) = m**3 + 421*m**2 - 1629*m - 685856. Determine p(-421).
-47
Let k(h) = -h**3 - 257*h**2 + 19808*h - 1975. Calculate k(62).
-115
Let h(u) = 123725*u - 21033248. Calculate h(170).
2
Let n(i) = i**2 - 1895*i - 15318. Determine n(-8).
-94
Let q(l) = 290878*l + 34323598. Determine q(-118).
-6
Let i(q) = q**3 - 749*q**2 - 49264*q - 118249. Give i(810).
11
Let n(f) = -54955*f - 5495488. Determine n(-100).
12
Let x(i) = -4*i**3 + 2412*i**2 + 2555*i - 83947. Give x(604).
9
Let c(f) = -234*f**2 - 47978*f - 1643. Calculate c(-205).
-3
Let d(p) = -2*p**2 - 34978*p + 174923. Calculate d(5).
-17
Let f(j) = 5*j**2 - 441*j + 43. Determine f(88).
-45
Let s(k) = -k**2 - 12*k + 1980. Give s(39).
-9
Let f(t) = t**3 - 593*t**2 - 179*t + 106123. Give f(593).
-24
Let p(h) = -1963*h + 6088. Calculate p(3).
199
Let s(x) = x**3 - 425*x**2 + 3008*x - 1462883. Give s(426).
1
Let y(p) = 2*p**2 + 71*p - 70. Calculate y(0).
-70
Let x(w) = w**3 - 53*w**2 - 878*w - 2944. What is x(-5)?
-4
Let c(x) = 4378*x + 2863185. Determine c(-654).
-27
Let o(v) = 412*v - 30517. Determine o(74).
-29
Let a(z) = 4412*z - 112726. What is a(25)?
-2426
Let b(m) = -251*m**2 + 16822*m - 340. What is b(67)?
-5
Let t(z) = -66*z**2 + 2771*z - 9998. Calculate t(38).
-4
Let i(z) = 10*z**2 - 12952*z + 115766. Determine i(9).
8
Let i(g) = g**3 - 30*g